6 = -g. Let f = g + 244. What are the prime factors of f?
2, 41
Let i(l) = -212*l**3 - 4*l**2 + 27*l + 60. What are the prime factors of i(-2)?
2, 3, 281
Let c = 22 - 41. Let f(v) = -2*v - 34. Let p be f(c). List the prime factors of (p/(-12))/(4/(-660)).
5, 11
List the prime factors of (100/(-10) + 1049)*(-2)/4*-58.
29, 1039
Let o = -1212 - -2084. Let h = 1453 - o. List the prime factors of h.
7, 83
Let x(o) be the first derivative of o**3/3 + o**2/2 + 33*o - 20. Let m be x(-7). Let c = 80 + m. What are the prime factors of c?
5, 31
Let r(v) be the third derivative of v**6/120 - 7*v**5/60 + 3*v**4/8 - 2*v**3/3 + 24*v**2. Let k be r(6). What are the prime factors of ((-15)/(-2))/(7/k)?
3, 5
Suppose -4*q + 18 = -y, 3*q = 60*y - 56*y + 7. Suppose -1648 = -y*x - 88. List the prime factors of x.
2, 3, 5, 13
Let a be (-8)/6*6/(-40)*15. Let i be 6/10*(1 - -4). Suppose -a*k = -i*z + 342, 4*z - z - 340 = 5*k. List the prime factors of z.
5, 23
Let b = -11777 + 21934. Suppose 0 = -18*c - 1841 + b. List the prime factors of c.
2, 3, 7, 11
Suppose 13*p = 2*p + 33. Suppose -s + o + 531 = -0*o, 0 = p*s + 2*o - 1568. List the prime factors of s.
2, 263
Let s(i) = 97*i + 19. Let n(b) = -1. Let h(m) = -5*n(m) - s(m). Let f be h(-5). Suppose 3*w = 3*v + f, 3*w - 132 = 2*w - 4*v. What are the prime factors of w?
2, 19
List the prime factors of 12/10 - 803/365 - (-4 + -3010).
23, 131
Let o = 56 - 20. Suppose -4*w + o + 220 = 0. Let m = w - -56. List the prime factors of m.
2, 3, 5
Let j(t) = t**2 + 5*t - 2. Let w be (-10)/3*12/10. Let l be j(w). What are the prime factors of (-80)/(-3)*l/(-4)?
2, 5
Let a(x) = -7*x**3 - 18*x**2 + 2*x + 33. Let j(r) = -6*r**3 - 17*r**2 + 2*r + 33. Let s(v) = 5*a(v) - 6*j(v). List the prime factors of s(-8).
239
Let k be (-6 - (-1 + -4))/(1/2). What are the prime factors of (-9 + (k - 409))*(-4)/3?
2, 5, 7
Let f = -29 + 35. Let s be 3 + f/(-1) + 538. Suppose 7*y - 12*y = -s. What are the prime factors of y?
107
Let x = -6 - -8. Let n(m) = -m**3 - m**2 + m. Let u be n(1). What are the prime factors of -1*(x + u*85)?
83
Let m(i) = -648*i - 301. What are the prime factors of m(-6)?
17, 211
Let o(y) = -4546*y - 3000. What are the prime factors of o(-9)?
2, 3, 71, 89
Let g(r) = -r**3 + 14*r**2 + 12*r + 25. Let v be g(15). What are the prime factors of (-2 - (-356)/v)/(18/(-120))?
2, 3, 11
Suppose -5*s - 27 = -10*s - 4*v, 18 = 4*s + 2*v. Suppose 0*r - 1016 = -s*r - 5*q, -3*r + 1010 = -q. List the prime factors of r.
337
Let y = 7274 - -4807. List the prime factors of y.
3, 4027
Let v(x) = x**3 - 9*x**2 + 9*x - 6. Let j be v(8). Suppose j*o + 8 = 2*f, -3*f - f - 4*o - 16 = 0. What are the prime factors of (f + 1)/(9/1395)?
5, 31
Let a(w) be the first derivative of 2*w**3/3 + 11*w**2 + 58*w + 278. List the prime factors of a(23).
2, 811
Let j = -323 + 331. Suppose 7*u + j*u = 12315. List the prime factors of u.
821
Let s = 29 - 31. Let i(k) = 40*k + 2. Let d be i(s). List the prime factors of (-4 - -6 - 6 - d) + 3.
7, 11
Let v be 1599/9*((-24)/(-4) + -3). Suppose -5*i = v - 1753. List the prime factors of i.
2, 61
Let c be ((-15)/(-25) + 92/(-20))/(-2). Suppose 4*z = -k + 587 + 244, -5*z = -c*k - 1042. What are the prime factors of z?
2, 13
Suppose 3 = -3*a, -168 = -2*y + a + 3*a. Let j(o) = o**2 - 4*o - 6. Let b be j(-11). Let q = b - y. What are the prime factors of q?
7, 11
List the prime factors of ((-1182)/8)/(66/(-968)).
11, 197
Suppose -242850 = -16*f + 21086. What are the prime factors of f?
2, 1031
Let c be 864 - (3 + 1) - -3. Suppose 3*h + 4*y - c = 0, -y + 4*y = 3*h - 849. Suppose 4*l = -s - 2*s + 573, -s = 2*l - h. What are the prime factors of l?
3, 47
What are the prime factors of (-11 + 10)*2*4 + 4593?
5, 7, 131
What are the prime factors of ((-88527)/207)/(-1 - (-8)/12)?
1283
Suppose 11349*p - 11361*p = -112536. List the prime factors of p.
2, 3, 521
Suppose 6*u + 0*u = 12. Suppose -b - 1 = 0, 0 = -u*d - 0*b + 5*b + 135. Suppose -3*x + d = -37. List the prime factors of x.
2, 17
Suppose -562220 = -21*n + 314068. List the prime factors of n.
2, 163
Let f(g) = -22*g**2 + 3*g + 5. Let v be f(-3). Let x = 596 + v. List the prime factors of x.
2, 197
Let i be 89 - 86 - (-1 - -2). What are the prime factors of (122 - 124)*((-481)/i)/1?
13, 37
Suppose -4*r + 5*y - 4*y = -105, -2*y = -6. List the prime factors of r/(-135) + (-1 - 371/(-5)).
73
Suppose 5*a - 5*x = 45, -5*a + 44 + 3 = -3*x. Let g(n) = n**3 - 9*n**2 + 14*n - 2. What are the prime factors of g(a)?
2, 7, 17
What are the prime factors of (-271712)/(-24)*3/4?
7, 1213
Let w(a) = a**2 + 22*a + 60. Let h be w(-19). Let p(n) = 802*n - 2*n**h + 4 + n**2 - n**3 - 805*n. What are the prime factors of p(-4)?
2, 7
Let d(w) = w**2 + 6*w - 21. Let q be d(8). Let y = q - 79. Suppose -10*h - 406 = -y*h. List the prime factors of h.
7, 29
Let l = 26908 - -3223. What are the prime factors of l?
29, 1039
Let s = 351 + -349. Suppose 0*z = s*z, 4*z - 665 = -5*h. What are the prime factors of h?
7, 19
What are the prime factors of 41319*(-84)/(-189) - 8?
2, 13, 353
Suppose p + 15 = 640. Suppose 0 = -4*r - 2*m + 2496, -3*m - p = -r - 4*m. Suppose r = 5*g - v, 2*v = g + 4*g - 626. List the prime factors of g.
2, 31
Let d(n) = n**2 + 15*n + 102. Let q be d(-17). Let p = q - 25. List the prime factors of p.
3, 37
Suppose -4*n + y = 25, -4*y + 10 = 6*n - 4*n. List the prime factors of (-26)/(-4)*(0 - -41 - n).
13, 23
Let x = -28600 + 39835. List the prime factors of x.
3, 5, 7, 107
Suppose z = -1, 5*r + 0*r = 3*z + 63. List the prime factors of 2252/(-6)*(-18)/r.
563
Suppose -10*n - 2*f = -13*n + 2423, 0 = 2*n - f - 1617. List the prime factors of n.
811
Let l(f) = 2*f - 9. Let z be (-13)/4 - (-4 + (-105)/(-28)). Let w be (-3 + 4)*11 - z. What are the prime factors of l(w)?
19
Suppose 106*s + 12074 = 110*s + 2*x, 5*x = -45. List the prime factors of s.
3023
Let v(l) = -263*l + 8. Let j(i) = -i**3 + 10*i**2 + 12*i - 12. Let u be j(11). Let a be v(u). Let r = -41 + a. List the prime factors of r.
2, 5, 23
List the prime factors of 5 - ((-283803)/39 + 1 + 2).
29, 251
Suppose 6*o + o = -5915. Let c = 1372 + o. List the prime factors of c.
17, 31
Suppose 9*z = -7*z + 29*z - 848601. What are the prime factors of z?
3, 7253
Let f(s) = 3*s**3 - 76*s**2 - 6*s + 59. What are the prime factors of f(34)?
7, 4273
Suppose 2*w - 5*g + 24 = 0, 3*g + g = -3*w + 10. Suppose -4*u + 10 = -0*l - 2*l, 2*l - 14 = -4*u. What are the prime factors of ((-104)/w + l)*1/1?
53
Let r = 26 + -10. Suppose r*j - 7472 = 1632. List the prime factors of j.
569
Suppose 472366 + 738622 = 191*v - 3514352. List the prime factors of v.
2, 5, 1237
Suppose 4*p = 257 - 257. Suppose -5*z = 5*k - 4*z - 1565, p = -5*z + 25. What are the prime factors of k?
2, 3, 13
Suppose -28284 = 1622*z - 1634*z. List the prime factors of z.
2357
Suppose 199021 + 544963 - 19244 = 60*t. List the prime factors of t.
47, 257
Suppose -5*c + 4*h = 9, 3*c - 3*h + 4 = 2*c. What are the prime factors of c/(1 + (5 - 7)) - -412?
7, 59
Suppose 23*y = 2*l + 20*y - 42900, -y - 2 = 0. List the prime factors of l.
3, 2383
Suppose 64 = 6*z + 2*z. What are the prime factors of ((-1692)/z)/(2 - 5/2)?
3, 47
Suppose -2 - 8 = -2*n. Suppose 4*y + 106 = -2*x + 3*y, -226 = 4*x - n*y. Let h = -15 - x. What are the prime factors of h?
3, 13
Suppose -3*r + 42 = 3*d, d - r = r + 2. What are the prime factors of (-176)/d*325/(-10)?
2, 11, 13
Suppose -4*x + 2*x = 2*v + 188, x + 79 = 4*v. What are the prime factors of (3 + x)*(8 - 10)?
2, 11
Suppose 0 = 4*w - 3*o - 5149, -w + 4*o = -o - 1266. Suppose 2*r - q - 141 = 512, 4*r - w = -3*q. List the prime factors of r.
5, 13
Let s(v) = 3*v + 3. Let m be (1 + (-52)/(-12))/((-8)/(-36)). What are the prime factors of s(m)?
3, 5
Let v = 44 + -49. Let t(f) = -5*f - 11. Let h be t(v). Let d(j) = -j**2 + 16*j - 16. What are the prime factors of d(h)?
2, 3
Suppose 82674 = 12*p - 8982. Suppose -p = -5*x + 3*n, 0*n - 3*n = 3. What are the prime factors of x?
3, 509
Let a(o) = 14*o - 6. Let b be a(1). Suppose 4*g - 16 = b. Let s(x) = x**3 - x**2 + 7*x - 5. What are the prime factors of s(g)?
7, 31
Let p = 83 + -61. Let x be (10/(-3))/(p/(-33)). What are the prime factors of (-291)/(x - (-52)/(-8))?
2, 97
Suppose 0 = 3*c - 22 + 46. Let p be (46/5)